{"id":1156,"date":"2020-10-30T08:55:48","date_gmt":"2020-10-30T07:55:48","guid":{"rendered":"https:\/\/sparrow.up.poznan.pl\/genetyka\/?page_id=1156"},"modified":"2024-10-17T15:03:41","modified_gmt":"2024-10-17T13:03:41","slug":"pracownia-hodowli-koni","status":"publish","type":"page","link":"https:\/\/sparrow.up.poznan.pl\/genetyka\/index.php\/pracownia-hodowli-koni\/","title":{"rendered":"Pracownia Hodowli Koni"},"content":{"rendered":"\t\t<div data-elementor-type=\"wp-post\" data-elementor-id=\"1156\" class=\"elementor elementor-1156\">\n\t\t\t\t\t\t<div class=\"elementor-inner\">\n\t\t\t\t<div class=\"elementor-section-wrap\">\n\t\t\t\t\t\t\t\t\t<section class=\"elementor-section elementor-top-section elementor-element elementor-element-7889d85e elementor-section-height-min-height elementor-section-content-middle elementor-section-stretched elementor-section-full_width elementor-section-height-default elementor-section-items-middle\" data-id=\"7889d85e\" data-element_type=\"section\" data-settings=\"{&quot;background_background&quot;:&quot;classic&quot;,&quot;stretch_section&quot;:&quot;section-stretched&quot;}\">\n\t\t\t\t\t\t\t<div class=\"elementor-background-overlay\"><\/div>\n\t\t\t\t\t\t\t<div class=\"elementor-container elementor-column-gap-default\">\n\t\t\t\t\t\t\t<div class=\"elementor-row\">\n\t\t\t\t\t<div class=\"elementor-column elementor-col-100 elementor-top-column elementor-element elementor-element-647e7b28\" data-id=\"647e7b28\" data-element_type=\"column\">\n\t\t\t<div class=\"elementor-column-wrap elementor-element-populated\">\n\t\t\t\t\t\t\t<div class=\"elementor-widget-wrap\">\n\t\t\t\t\t\t<section class=\"elementor-section elementor-inner-section elementor-element elementor-element-5beb386a elementor-section-boxed elementor-section-height-default elementor-section-height-default\" data-id=\"5beb386a\" data-element_type=\"section\">\n\t\t\t\t\t\t<div class=\"elementor-container elementor-column-gap-default\">\n\t\t\t\t\t\t\t<div class=\"elementor-row\">\n\t\t\t\t\t<div class=\"elementor-column elementor-col-25 elementor-inner-column elementor-element elementor-element-49b481cc\" data-id=\"49b481cc\" data-element_type=\"column\">\n\t\t\t<div class=\"elementor-column-wrap\">\n\t\t\t\t\t\t\t<div class=\"elementor-widget-wrap\">\n\t\t\t\t\t\t\t\t<\/div>\n\t\t\t\t\t<\/div>\n\t\t<\/div>\n\t\t\t\t<div class=\"elementor-column elementor-col-50 elementor-inner-column elementor-element elementor-element-5d0c98ea\" data-id=\"5d0c98ea\" data-element_type=\"column\">\n\t\t\t<div class=\"elementor-column-wrap elementor-element-populated\">\n\t\t\t\t\t\t\t<div class=\"elementor-widget-wrap\">\n\t\t\t\t\t\t<div class=\"elementor-element elementor-element-221f76f3 elementor-widget elementor-widget-heading\" data-id=\"221f76f3\" data-element_type=\"widget\" data-widget_type=\"heading.default\">\n\t\t\t\t<div class=\"elementor-widget-container\">\n\t\t\t<h2 class=\"elementor-heading-title elementor-size-default\">Katedra Genetyki i&nbsp;Podstaw Hodowli Zwierz\u0105t\u200b\u200b<\/h2>\t\t<\/div>\n\t\t\t\t<\/div>\n\t\t\t\t<div class=\"elementor-element elementor-element-5909c6a9 elementor-widget elementor-widget-heading\" data-id=\"5909c6a9\" data-element_type=\"widget\" data-widget_type=\"heading.default\">\n\t\t\t\t<div class=\"elementor-widget-container\">\n\t\t\t<h5 class=\"elementor-heading-title elementor-size-default\">Wydzia\u0142 Medycyny Weterynaryjnej i&nbsp;Nauk o&nbsp;Zwierz\u0119tach<br>\nUniwersytet Przyrodniczy w&nbsp;Poznaniu<\/h5>\t\t<\/div>\n\t\t\t\t<\/div>\n\t\t\t\t\t\t<\/div>\n\t\t\t\t\t<\/div>\n\t\t<\/div>\n\t\t\t\t<div class=\"elementor-column elementor-col-25 elementor-inner-column elementor-element elementor-element-7ab7fe1\" data-id=\"7ab7fe1\" data-element_type=\"column\">\n\t\t\t<div class=\"elementor-column-wrap\">\n\t\t\t\t\t\t\t<div class=\"elementor-widget-wrap\">\n\t\t\t\t\t\t\t\t<\/div>\n\t\t\t\t\t<\/div>\n\t\t<\/div>\n\t\t\t\t\t\t\t\t<\/div>\n\t\t\t\t\t<\/div>\n\t\t<\/section>\n\t\t\t\t\t\t<\/div>\n\t\t\t\t\t<\/div>\n\t\t<\/div>\n\t\t\t\t\t\t\t\t<\/div>\n\t\t\t\t\t<\/div>\n\t\t<\/section>\n\t\t\t\t<section class=\"elementor-section elementor-top-section elementor-element elementor-element-0992903 elementor-section-full_width elementor-section-height-default elementor-section-height-default\" data-id=\"0992903\" data-element_type=\"section\" data-settings=\"{&quot;background_background&quot;:&quot;classic&quot;}\">\n\t\t\t\t\t\t\t<div class=\"elementor-background-overlay\"><\/div>\n\t\t\t\t\t\t\t<div class=\"elementor-container elementor-column-gap-default\">\n\t\t\t\t\t\t\t<div class=\"elementor-row\">\n\t\t\t\t\t<div class=\"elementor-column elementor-col-100 elementor-top-column elementor-element elementor-element-7af5159\" data-id=\"7af5159\" data-element_type=\"column\">\n\t\t\t<div class=\"elementor-column-wrap elementor-element-populated\">\n\t\t\t\t\t\t\t<div class=\"elementor-widget-wrap\">\n\t\t\t\t\t\t<div class=\"elementor-element elementor-element-a385850 elementor-widget elementor-widget-heading\" data-id=\"a385850\" data-element_type=\"widget\" data-widget_type=\"heading.default\">\n\t\t\t\t<div class=\"elementor-widget-container\">\n\t\t\t<h2 class=\"elementor-heading-title elementor-size-default\">Pracownia Hodowli Koni<\/h2>\t\t<\/div>\n\t\t\t\t<\/div>\n\t\t\t\t\t\t<\/div>\n\t\t\t\t\t<\/div>\n\t\t<\/div>\n\t\t\t\t\t\t\t\t<\/div>\n\t\t\t\t\t<\/div>\n\t\t<\/section>\n\t\t\t\t<section class=\"elementor-section elementor-top-section elementor-element elementor-element-034fc37 elementor-section-full_width elementor-section-height-default elementor-section-height-default\" data-id=\"034fc37\" data-element_type=\"section\" data-settings=\"{&quot;background_background&quot;:&quot;classic&quot;}\">\n\t\t\t\t\t\t\t<div class=\"elementor-background-overlay\"><\/div>\n\t\t\t\t\t\t\t<div class=\"elementor-container elementor-column-gap-default\">\n\t\t\t\t\t\t\t<div class=\"elementor-row\">\n\t\t\t\t\t<div class=\"elementor-column elementor-col-50 elementor-top-column elementor-element elementor-element-b544660\" data-id=\"b544660\" data-element_type=\"column\">\n\t\t\t<div class=\"elementor-column-wrap elementor-element-populated\">\n\t\t\t\t\t\t\t<div class=\"elementor-widget-wrap\">\n\t\t\t\t\t\t<div class=\"elementor-element elementor-element-b0f1597 elementor-widget elementor-widget-text-editor\" data-id=\"b0f1597\" data-element_type=\"widget\" data-widget_type=\"text-editor.default\">\n\t\t\t\t<div class=\"elementor-widget-container\">\n\t\t\t\t\t\t\t\t<div class=\"elementor-text-editor elementor-clearfix\">\n\t\t\t\t<p><b>Zesp\u00f3\u0142 Badawczy:<br \/><\/b><\/p><p><span style=\"font-style: inherit;\"><b>\u00a0<\/b><\/span><\/p>\t\t\t\t\t<\/div>\n\t\t\t\t\t\t<\/div>\n\t\t\t\t<\/div>\n\t\t\t\t\t\t<\/div>\n\t\t\t\t\t<\/div>\n\t\t<\/div>\n\t\t\t\t<div class=\"elementor-column elementor-col-50 elementor-top-column elementor-element elementor-element-5d49004\" data-id=\"5d49004\" data-element_type=\"column\">\n\t\t\t<div class=\"elementor-column-wrap elementor-element-populated\">\n\t\t\t\t\t\t\t<div class=\"elementor-widget-wrap\">\n\t\t\t\t\t\t<div class=\"elementor-element elementor-element-8c09127 elementor-widget elementor-widget-text-editor\" data-id=\"8c09127\" data-element_type=\"widget\" data-widget_type=\"text-editor.default\">\n\t\t\t\t<div class=\"elementor-widget-container\">\n\t\t\t\t\t\t\t\t<div class=\"elementor-text-editor elementor-clearfix\">\n\t\t\t\t<p style=\"font-size: 17px; font-style: normal; font-weight: 400;\"><span style=\"font-size: 17px; font-weight: bold;\">G\u0142\u00f3wne kierunki badawcze:<\/span><\/p><ul style=\"font-size: 17px; font-style: normal; font-weight: 400;\"><li>Wp\u0142yw dodatk\u00f3w paszowych na&nbsp;globalny profil ekspresji gen\u00f3w w&nbsp;gruczole mlekowym klaczy<\/li><li style=\"font-size: 17px;\">Pod\u0142o\u017ce genetyczne zmienno\u015bci cech sk\u0142adu mleka klaczy<\/li><li>Pod\u0142o\u017ce molekularne zmienno\u015bci antygen\u00f3w erytrocytarnych koni<\/li><li style=\"font-size: 17px;\">Czynniki genetyczne i&nbsp;epigenetyczne warunkuj\u0105ce zmienno\u015b\u0107 umaszcze\u0144 koni<\/li><li style=\"font-size: 17px;\">Monitorowanie r\u00f3\u017cnorodno\u015bci genetycznej w&nbsp;rasach koni obj\u0119tych programami hodowli zachowawczej<\/li><li style=\"font-size: 17px;\">Optymalizacja metod oceny warto\u015bci hodowlanej i&nbsp;u\u017cytkowej koni<\/li><\/ul><p style=\"font-size: 17px; font-style: normal; font-weight: 400;\"><span style=\"font-size: 17px; font-weight: bold;\">Stosowane techniki badawcze:<\/span><\/p><ul style=\"font-size: 17px; font-style: normal; font-weight: 400;\"><li style=\"font-size: 17px;\">Sekwencjonowanie DNA met. Sangera<\/li><li style=\"font-size: 17px;\">Pirosekwencjonowanie (analiza profilu metylacji DNA)<\/li><li style=\"font-size: 17px;\">PCR emulsyjny (ddPCR)<\/li><li style=\"font-size: 17px;\">PCR w&nbsp;czasie rzeczywistym (real-time PCR)<\/li><li style=\"font-size: 17px;\">Analiza d\u0142ugo\u015bci polimorficznych sekwencji mikrosatelitarnych<\/li><li style=\"font-size: 17px;\">Analizy rodowodowe i&nbsp;metody statystyczne<\/li><li style=\"font-size: 17px;\">Badanie parametr\u00f3w motoryki ruchu koni przy&nbsp;u\u017cyciu elektronicznego rejestratora Seaver<\/li><\/ul>\t\t\t\t\t<\/div>\n\t\t\t\t\t\t<\/div>\n\t\t\t\t<\/div>\n\t\t\t\t\t\t<\/div>\n\t\t\t\t\t<\/div>\n\t\t<\/div>\n\t\t\t\t\t\t\t\t<\/div>\n\t\t\t\t\t<\/div>\n\t\t<\/section>\n\t\t\t\t<section class=\"elementor-section elementor-top-section elementor-element elementor-element-4a7b374 elementor-section-full_width elementor-section-height-default elementor-section-height-default\" data-id=\"4a7b374\" data-element_type=\"section\" data-settings=\"{&quot;background_background&quot;:&quot;classic&quot;}\">\n\t\t\t\t\t\t\t<div class=\"elementor-background-overlay\"><\/div>\n\t\t\t\t\t\t\t<div class=\"elementor-container elementor-column-gap-default\">\n\t\t\t\t\t\t\t<div class=\"elementor-row\">\n\t\t\t\t\t<div class=\"elementor-column elementor-col-100 elementor-top-column elementor-element elementor-element-79e504a\" data-id=\"79e504a\" data-element_type=\"column\">\n\t\t\t<div class=\"elementor-column-wrap elementor-element-populated\">\n\t\t\t\t\t\t\t<div class=\"elementor-widget-wrap\">\n\t\t\t\t\t\t<div class=\"elementor-element elementor-element-37a66b1 elementor-tabs-view-horizontal elementor-widget elementor-widget-tabs\" data-id=\"37a66b1\" data-element_type=\"widget\" data-widget_type=\"tabs.default\">\n\t\t\t\t<div class=\"elementor-widget-container\">\n\t\t\t\t\t<div class=\"elementor-tabs\">\n\t\t\t<div class=\"elementor-tabs-wrapper\" role=\"tablist\" >\n\t\t\t\t\t\t\t\t\t<div id=\"elementor-tab-title-5831\" class=\"elementor-tab-title elementor-tab-desktop-title\" aria-selected=\"true\" data-tab=\"1\" role=\"tab\" tabindex=\"0\" aria-controls=\"elementor-tab-content-5831\" aria-expanded=\"false\"><a href=\"\">Wybrane publikacje<\/a><\/div>\n\t\t\t\t\t\t\t\t\t<div id=\"elementor-tab-title-5832\" class=\"elementor-tab-title elementor-tab-desktop-title\" aria-selected=\"false\" data-tab=\"2\" role=\"tab\" tabindex=\"-1\" aria-controls=\"elementor-tab-content-5832\" aria-expanded=\"false\"><a href=\"\">Projekty badawcze<\/a><\/div>\n\t\t\t\t\t\t\t\t\t<div id=\"elementor-tab-title-5833\" class=\"elementor-tab-title elementor-tab-desktop-title\" aria-selected=\"false\" data-tab=\"3\" role=\"tab\" tabindex=\"-1\" aria-controls=\"elementor-tab-content-5833\" aria-expanded=\"false\"><a href=\"\">Dydaktyka<\/a><\/div>\n\t\t\t\t\t\t\t<\/div>\n\t\t\t<div class=\"elementor-tabs-content-wrapper\" role=\"tablist\" aria-orientation=\"vertical\">\n\t\t\t\t\t\t\t\t\t<div class=\"elementor-tab-title elementor-tab-mobile-title\" aria-selected=\"true\" data-tab=\"1\" role=\"tab\" tabindex=\"0\" aria-controls=\"elementor-tab-content-5831\" aria-expanded=\"false\">Wybrane publikacje<\/div>\n\t\t\t\t\t<div id=\"elementor-tab-content-5831\" class=\"elementor-tab-content elementor-clearfix\" data-tab=\"1\" role=\"tabpanel\" aria-labelledby=\"elementor-tab-title-5831\" tabindex=\"0\" hidden=\"false\"><p><strong>Wybrane publikacje (ostatnie 4 lata):<\/strong><\/p><p><strong>2023<\/strong><\/p><p>Naboulsi R., Cieslak J., Headon D., Jouni A., Negro JJ., Andersson G., Lindgren G., (2023), <a href=\"https:\/\/dodo6.up.poznan.pl\/lista_publikacji\/show_reference.cgi?id=9922\">The Enrichment of Specific Hair Follicle-Associated Cell Populations in Plucked Hairs Offers an Opportunity to Study Gene Expression Underlying Hair Traits.<\/a>, International Journal of Molecular Sciences., 24(1), 561 (IF&#8217;2021=6.208; 5-year IF&#8217;2021=6.628)<\/p><p>Borowska A., Lewczuk D., (2023), <a href=\"https:\/\/dodo6.up.poznan.pl\/lista_publikacji\/show_reference.cgi?id=9991\">Comparison of Conformation and Movement Characteristics in Dressage and Jumping Sport Warmblood Mares Based on Point Evaluation and Linear Scoring System<\/a>, Animals, 13, 3101 (IF&#8217;2023=3.00)<\/p><p><strong>2021<\/strong><\/p><p>Borowska A., Wolska D., Niedzwiedz A., Borowicz H., Jaworski Z., Siemieniuch M., Szwaczkowski T., (2021), <a href=\"https:\/\/dodo6.up.poznan.pl\/lista_publikacji\/show_reference.cgi?id=9854\">Some Genetic and Environmental Effects on Equine Asthma in Polish Konik Horses.<\/a>, Animals, 11(8): 2285 (IF&#8217;2020 = 2,752; 5-years IF&#8217;2020=2,942)\u00a0<\/p><p>Cieslak J., Brooks SA., Wodas L., Mantaj W., Borowska A., Sliwowska JH., Ziarniak K., Mackowski M., (2021), <a href=\"https:\/\/dodo6.up.poznan.pl\/lista_publikacji\/show_reference.cgi?id=9853\">Genetic Background of the Polish Primitive Horse (Konik) Coat Color Variation &#8211; New Insight into Dun Dilution Phenotypic Effect.<\/a>, Journal of Heredity, 112(5): 436-442 (IF\u20192020=2,645; 5-years IF\u20192020=3,069)<\/p><p>Nowacka-Woszuk J., Mackowski M., Mantaj W., Stefaniuk-Szmukier M., Cieslak J., (2021), <a href=\"https:\/\/dodo6.up.poznan.pl\/lista_publikacji\/show_reference.cgi?id=9851\">Equine STX17 intronic triplication confirmed by droplet digital PCR analysis of its breakpoints.<\/a>, Animal Genetics, 52: 567-56 (IF&#8217;2020=3,169; 5-year IF&#8217;2020=3,058)\u00a0<\/p><p>Nowacka-Woszuk J., Mackowski M., Stefaniuk-Szmukier M., Cieslak J., (2021), <a href=\"https:\/\/dodo6.up.poznan.pl\/lista_publikacji\/show_reference.cgi?id=9831\">The equine graying with age mutation of the STX17 gene: A&nbsp;copy number study using droplet digital PCR reveals a&nbsp;new pattern.<\/a>, Animal Genetics 11, 223-227 (IF&#8217;2020=3,169; 5-year IF&#8217;2020=3,058)<\/p><p><strong>2020<\/strong><\/p><p>Wodas L., Mackowski M., Borowska A., Puppel K., Kuczynska B., Cieslak J. , (2020), <a href=\"https:\/\/dodo6.up.poznan.pl\/lista_publikacji\/show_reference.cgi?id=9789\">Genes encoding equine BETA-lactoglobulin (LGB1 and LGB2): Polymorphism, expression, and impact on milk composition.<\/a>, PLoS ONE 15(4): e0232066. , (IF&#8217;2020=3,24; 5-years IF&#8217;2020=3,778)<\/p><\/div>\n\t\t\t\t\t\t\t\t\t<div class=\"elementor-tab-title elementor-tab-mobile-title\" aria-selected=\"false\" data-tab=\"2\" role=\"tab\" tabindex=\"-1\" aria-controls=\"elementor-tab-content-5832\" aria-expanded=\"false\">Projekty badawcze<\/div>\n\t\t\t\t\t<div id=\"elementor-tab-content-5832\" class=\"elementor-tab-content elementor-clearfix\" data-tab=\"2\" role=\"tabpanel\" aria-labelledby=\"elementor-tab-title-5832\" tabindex=\"0\" hidden=\"hidden\"><p><strong>Projekty badawcze:<\/strong><\/p><ol><li><strong>2023-2026 <\/strong>&#8211; Projekt NCN Opus nr 2022\/47\/B\/NZ9\/02331: \u201ePoznawanie pod\u0142o\u017ca molekularnego zmienno\u015bci antygen\u00f3w erytrocytarnych koni z&nbsp;wykorzystaniem metod serologicznych i&nbsp;genetycznych\u201d (kierownik: dr hab. Jakub Cie\u015blak)<\/li><li><strong>2022-2025<\/strong> \u2013 Projekt NCN Preludium nr 2021\/41\/N\/NZ9\/00887: \u201ePoszukiwanie pod\u0142o\u017ca molekularnego r\u00f3\u017cnych form depigmentacji okrywy w\u0142osowej koni wybranych ras hodowanych w&nbsp;Polsce\u201d (kierownik: mgr Weronika Skrzetuska)<\/li><li><strong>2017-2020<\/strong> \u2013 projekt NCN Preludium nr 2016\/21\/N\/NZ9\/01350: <em>\u201ePoszukiwanie polimorfizm\u00f3w w&nbsp;cz\u0119\u015bciach strukturalnych gen\u00f3w LGB1, LGB2 i&nbsp;LALBA konia domowego i&nbsp;ich zwi\u0105zek z&nbsp;poziomem ekspresji gen\u00f3w\u201d <\/em>(kierownik: mgr in\u017c. \u0141ukasz Wodas).<\/li><li><strong>2015-2017 &#8211; <\/strong>projekt MNiSW Iuventus Plus nr IP2014006873: \u201e<em>Poszukiwanie mutacji warunkuj\u0105cej rozja\u015bnienie bu\u0142ane umaszczenia konia domowego\u201d <\/em>(kierownik: dr Jakub Cie\u015blak)<\/li><li><strong>2012-2017 <\/strong>\u2013 projekt badawczy NCN Sonata nr 2011\/03\/D\/NZ9\/05337: <em>\u201ePoszukiwanie genetycznego pod\u0142o\u017ca zmienno\u015bci cech o&nbsp;z\u0142o\u017conym uwarunkowaniu u&nbsp;koni z&nbsp;wykorzystaniem nowoczesnych metod genomiki strukturalnej i&nbsp;funkcjonalnej. Charakterystyka genomiczna sk\u0142adu mleka klaczy nale\u017c\u0105cych do&nbsp;wybranych ras koni\u201d. <\/em>(kierownik: dr Jakub Cie\u015blak)<\/li><li><strong>2011-2013 \u2013 <\/strong>projekt badawczy w\u0142asny nr N N311 241438: <em>\u201ePolimorfizm gen\u00f3w zaanga\u017cowanych w&nbsp;kszta\u0142towanie cech pokroju koni\u201d. <\/em>(kierownik: dr in\u017c. Mariusz Ma\u0107kowski)<\/li><\/ol><ol><li style=\"list-style-type: none;\">\u00a0<\/li><\/ol><\/div>\n\t\t\t\t\t\t\t\t\t<div class=\"elementor-tab-title elementor-tab-mobile-title\" aria-selected=\"false\" data-tab=\"3\" role=\"tab\" tabindex=\"-1\" aria-controls=\"elementor-tab-content-5833\" aria-expanded=\"false\">Dydaktyka<\/div>\n\t\t\t\t\t<div id=\"elementor-tab-content-5833\" class=\"elementor-tab-content elementor-clearfix\" data-tab=\"3\" role=\"tabpanel\" aria-labelledby=\"elementor-tab-title-5833\" tabindex=\"0\" hidden=\"hidden\"><p>\u00a0<\/p><p><strong>Dydaktyka (g\u0142\u00f3wne przedmioty):<\/strong><\/p><ul><li>Genetyka konia (Zootechnika II\u00b0, spec. Hipologia; kierownik: dr hab. Jakub Cie\u015blak)<\/li><li>Podstawy treningu koni i&nbsp;je\u017ad\u017ac\u00f3w (Zootechnika II\u00b0, spec. Hipologia; kierownik: dr in\u017c. Alicja Borowska)<\/li><li>Zwierz\u0119ta hodowlane (Biologia stosowana II\u00b0, spec. Biologia zwierz\u0105t)<\/li><li>Hodowla i&nbsp;u\u017cytkowanie koni (Zootechnika I\u00b0; kierownik: dr hab. Jakub Cie\u015blak oraz&nbsp;dr in\u017c. Mariusz Ma\u0107kowski)<\/li><li>Higiena i&nbsp;dobrostan koni (Weterynaria; kierownik: dr in\u017c. Alicja Borowska)<\/li><li>Diagnostyka immunogenetyczna (Biotechnologia II\u00b0; kierownik: dr in\u017c. Mariusz Ma\u0107kowski)<\/li><li>Diagnostyka genetyczna w&nbsp;hodowli zwierz\u0105t (Zootechnika II\u00b0)<\/li><\/ul><\/div>\n\t\t\t\t\t\t\t<\/div>\n\t\t<\/div>\n\t\t\t\t<\/div>\n\t\t\t\t<\/div>\n\t\t\t\t\t\t<\/div>\n\t\t\t\t\t<\/div>\n\t\t<\/div>\n\t\t\t\t\t\t\t\t<\/div>\n\t\t\t\t\t<\/div>\n\t\t<\/section>\n\t\t\t\t\t\t\t\t\t<\/div>\n\t\t\t<\/div>\n\t\t\t\t\t<\/div>\n\t\t","protected":false},"excerpt":{"rendered":"<p>Katedra Genetyki i&nbsp;Podstaw Hodowli Zwierz\u0105t\u200b\u200b Wydzia\u0142 Medycyny Weterynaryjnej i&nbsp;Nauk o&nbsp;Zwierz\u0119tach Uniwersytet Przyrodniczy w&nbsp;Poznaniu Pracownia Hodowli Koni Zesp\u00f3\u0142 Badawczy: \u00a0 G\u0142\u00f3wne kierunki badawcze: Wp\u0142yw dodatk\u00f3w paszowych na&nbsp;globalny profil ekspresji gen\u00f3w w&nbsp;gruczole mlekowym klaczy Pod\u0142o\u017ce genetyczne zmienno\u015bci cech sk\u0142adu mleka klaczy Pod\u0142o\u017ce molekularne zmienno\u015bci antygen\u00f3w erytrocytarnych koni Czynniki genetyczne i&nbsp;epigenetyczne warunkuj\u0105ce zmienno\u015b\u0107 umaszcze\u0144 koni Monitorowanie r\u00f3\u017cnorodno\u015bci genetycznej &hellip;<\/p>\n<p class=\"read-more\"> <a class=\"\" href=\"https:\/\/sparrow.up.poznan.pl\/genetyka\/index.php\/pracownia-hodowli-koni\/\"> <span class=\"screen-reader-text\">Pracownia Hodowli Koni<\/span> Read More &raquo;<\/a><\/p>\n","protected":false},"author":1,"featured_media":0,"parent":0,"menu_order":0,"comment_status":"closed","ping_status":"closed","template":"","meta":{"site-sidebar-layout":"default","site-content-layout":"page-builder","ast-global-header-display":"","ast-main-header-display":"","ast-hfb-above-header-display":"","ast-hfb-below-header-display":"","ast-hfb-mobile-header-display":"","site-post-title":"disabled","ast-breadcrumbs-content":"","ast-featured-img":"disabled","footer-sml-layout":"","theme-transparent-header-meta":"","adv-header-id-meta":"","stick-header-meta":"","header-above-stick-meta":"","header-main-stick-meta":"","header-below-stick-meta":""},"_links":{"self":[{"href":"https:\/\/sparrow.up.poznan.pl\/genetyka\/index.php\/wp-json\/wp\/v2\/pages\/1156"}],"collection":[{"href":"https:\/\/sparrow.up.poznan.pl\/genetyka\/index.php\/wp-json\/wp\/v2\/pages"}],"about":[{"href":"https:\/\/sparrow.up.poznan.pl\/genetyka\/index.php\/wp-json\/wp\/v2\/types\/page"}],"author":[{"embeddable":true,"href":"https:\/\/sparrow.up.poznan.pl\/genetyka\/index.php\/wp-json\/wp\/v2\/users\/1"}],"replies":[{"embeddable":true,"href":"https:\/\/sparrow.up.poznan.pl\/genetyka\/index.php\/wp-json\/wp\/v2\/comments?post=1156"}],"version-history":[{"count":31,"href":"https:\/\/sparrow.up.poznan.pl\/genetyka\/index.php\/wp-json\/wp\/v2\/pages\/1156\/revisions"}],"predecessor-version":[{"id":3019,"href":"https:\/\/sparrow.up.poznan.pl\/genetyka\/index.php\/wp-json\/wp\/v2\/pages\/1156\/revisions\/3019"}],"wp:attachment":[{"href":"https:\/\/sparrow.up.poznan.pl\/genetyka\/index.php\/wp-json\/wp\/v2\/media?parent=1156"}],"curies":[{"name":"wp","href":"https:\/\/api.w.org\/{rel}","templated":true}]}}