{"id":36,"date":"2024-02-28T21:02:03","date_gmt":"2024-02-28T20:02:03","guid":{"rendered":"https:\/\/sparrow.up.poznan.pl\/life\/?page_id=36"},"modified":"2024-06-21T12:09:17","modified_gmt":"2024-06-21T10:09:17","slug":"o-projekcie","status":"publish","type":"page","link":"https:\/\/sparrow.up.poznan.pl\/life\/o-projekcie\/","title":{"rendered":"O PROJEKCIE"},"content":{"rendered":"\t\t<div data-elementor-type=\"wp-page\" data-elementor-id=\"36\" class=\"elementor elementor-36\" data-elementor-post-type=\"page\">\n\t\t\t\t<div class=\"elementor-element elementor-element-257806bf e-flex e-con-boxed e-con e-parent\" data-id=\"257806bf\" data-element_type=\"container\" data-settings=\"{&quot;background_background&quot;:&quot;classic&quot;,&quot;content_width&quot;:&quot;boxed&quot;}\" data-core-v316-plus=\"true\">\n\t\t\t\t\t<div class=\"e-con-inner\">\n\t\t<div class=\"elementor-element elementor-element-7d379e3c e-con-full e-flex e-con e-child\" data-id=\"7d379e3c\" data-element_type=\"container\" data-settings=\"{&quot;content_width&quot;:&quot;full&quot;}\">\n\t\t\t\t<div class=\"elementor-element elementor-element-4c454336 elementor-widget elementor-widget-image\" data-id=\"4c454336\" data-element_type=\"widget\" data-widget_type=\"image.default\">\n\t\t\t\t<div class=\"elementor-widget-container\">\n\t\t\t<style>\/*! elementor - v3.19.0 - 28-02-2024 *\/\n.elementor-widget-image{text-align:center}.elementor-widget-image a{display:inline-block}.elementor-widget-image a img[src$=\".svg\"]{width:48px}.elementor-widget-image img{vertical-align:middle;display:inline-block}<\/style>\t\t\t\t\t\t\t\t\t\t<img fetchpriority=\"high\" decoding=\"async\" width=\"800\" height=\"800\" src=\"https:\/\/sparrow.up.poznan.pl\/life\/wp-content\/uploads\/2024\/02\/gse_life_orlik-1024x1024.png\" class=\"attachment-large size-large wp-image-48\" alt=\"\" srcset=\"https:\/\/sparrow.up.poznan.pl\/life\/wp-content\/uploads\/2024\/02\/gse_life_orlik-1024x1024.png 1024w, https:\/\/sparrow.up.poznan.pl\/life\/wp-content\/uploads\/2024\/02\/gse_life_orlik-300x300.png 300w, https:\/\/sparrow.up.poznan.pl\/life\/wp-content\/uploads\/2024\/02\/gse_life_orlik-150x150.png 150w, https:\/\/sparrow.up.poznan.pl\/life\/wp-content\/uploads\/2024\/02\/gse_life_orlik-768x768.png 768w, https:\/\/sparrow.up.poznan.pl\/life\/wp-content\/uploads\/2024\/02\/gse_life_orlik-1536x1536.png 1536w, https:\/\/sparrow.up.poznan.pl\/life\/wp-content\/uploads\/2024\/02\/gse_life_orlik-2048x2048.png 2048w\" sizes=\"(max-width: 800px) 100vw, 800px\" \/>\t\t\t\t\t\t\t\t\t\t\t\t\t<\/div>\n\t\t\t\t<\/div>\n\t\t\t\t<\/div>\n\t\t<div class=\"elementor-element elementor-element-320b0246 e-con-full e-flex e-con e-child\" data-id=\"320b0246\" data-element_type=\"container\" data-settings=\"{&quot;content_width&quot;:&quot;full&quot;}\">\n\t\t\t\t<div class=\"elementor-element elementor-element-61035684 elementor-widget elementor-widget-image\" data-id=\"61035684\" data-element_type=\"widget\" data-widget_type=\"image.default\">\n\t\t\t\t<div class=\"elementor-widget-container\">\n\t\t\t\t\t\t\t\t\t\t\t\t\t<img decoding=\"async\" width=\"800\" height=\"556\" src=\"https:\/\/sparrow.up.poznan.pl\/life\/wp-content\/uploads\/2024\/03\/Natura_2000_logo.svg_-1024x712.png\" class=\"attachment-large size-large wp-image-81\" alt=\"\" srcset=\"https:\/\/sparrow.up.poznan.pl\/life\/wp-content\/uploads\/2024\/03\/Natura_2000_logo.svg_-1024x712.png 1024w, https:\/\/sparrow.up.poznan.pl\/life\/wp-content\/uploads\/2024\/03\/Natura_2000_logo.svg_-300x209.png 300w, https:\/\/sparrow.up.poznan.pl\/life\/wp-content\/uploads\/2024\/03\/Natura_2000_logo.svg_-768x534.png 768w, https:\/\/sparrow.up.poznan.pl\/life\/wp-content\/uploads\/2024\/03\/Natura_2000_logo.svg_-1536x1068.png 1536w, https:\/\/sparrow.up.poznan.pl\/life\/wp-content\/uploads\/2024\/03\/Natura_2000_logo.svg_-2048x1424.png 2048w\" sizes=\"(max-width: 800px) 100vw, 800px\" \/>\t\t\t\t\t\t\t\t\t\t\t\t\t<\/div>\n\t\t\t\t<\/div>\n\t\t\t\t<\/div>\n\t\t<div class=\"elementor-element elementor-element-d3733de e-con-full e-flex e-con e-child\" data-id=\"d3733de\" data-element_type=\"container\" data-settings=\"{&quot;content_width&quot;:&quot;full&quot;}\">\n\t\t\t\t<div class=\"elementor-element elementor-element-19557d2d elementor-widget elementor-widget-image\" data-id=\"19557d2d\" data-element_type=\"widget\" data-widget_type=\"image.default\">\n\t\t\t\t<div class=\"elementor-widget-container\">\n\t\t\t\t\t\t\t\t\t\t\t\t\t<img decoding=\"async\" width=\"800\" height=\"578\" src=\"https:\/\/sparrow.up.poznan.pl\/life\/wp-content\/uploads\/2024\/04\/life_1_11-1024x740.jpg\" class=\"attachment-large size-large wp-image-511\" alt=\"\" srcset=\"https:\/\/sparrow.up.poznan.pl\/life\/wp-content\/uploads\/2024\/04\/life_1_11-1024x740.jpg 1024w, https:\/\/sparrow.up.poznan.pl\/life\/wp-content\/uploads\/2024\/04\/life_1_11-300x217.jpg 300w, https:\/\/sparrow.up.poznan.pl\/life\/wp-content\/uploads\/2024\/04\/life_1_11-768x555.jpg 768w, https:\/\/sparrow.up.poznan.pl\/life\/wp-content\/uploads\/2024\/04\/life_1_11-1536x1110.jpg 1536w, https:\/\/sparrow.up.poznan.pl\/life\/wp-content\/uploads\/2024\/04\/life_1_11.jpg 1580w\" sizes=\"(max-width: 800px) 100vw, 800px\" \/>\t\t\t\t\t\t\t\t\t\t\t\t\t<\/div>\n\t\t\t\t<\/div>\n\t\t\t\t<\/div>\n\t\t<div class=\"elementor-element elementor-element-1fb05a22 e-con-full e-flex e-con e-child\" data-id=\"1fb05a22\" data-element_type=\"container\" data-settings=\"{&quot;content_width&quot;:&quot;full&quot;}\">\n\t\t\t\t<div class=\"elementor-element elementor-element-5bba3044 elementor-nav-menu__align-center elementor-nav-menu--stretch elementor-nav-menu--dropdown-tablet elementor-nav-menu__text-align-aside elementor-nav-menu--toggle elementor-nav-menu--burger elementor-widget elementor-widget-nav-menu\" data-id=\"5bba3044\" data-element_type=\"widget\" data-settings=\"{&quot;full_width&quot;:&quot;stretch&quot;,&quot;layout&quot;:&quot;horizontal&quot;,&quot;submenu_icon&quot;:{&quot;value&quot;:&quot;&lt;svg class=\\&quot;e-font-icon-svg e-fas-caret-down\\&quot; viewBox=\\&quot;0 0 320 512\\&quot; xmlns=\\&quot;http:\\\/\\\/www.w3.org\\\/2000\\\/svg\\&quot;&gt;&lt;path d=\\&quot;M31.3 192h257.3c17.8 0 26.7 21.5 14.1 34.1L174.1 354.8c-7.8 7.8-20.5 7.8-28.3 0L17.2 226.1C4.6 213.5 13.5 192 31.3 192z\\&quot;&gt;&lt;\\\/path&gt;&lt;\\\/svg&gt;&quot;,&quot;library&quot;:&quot;fa-solid&quot;},&quot;toggle&quot;:&quot;burger&quot;}\" data-widget_type=\"nav-menu.default\">\n\t\t\t\t<div class=\"elementor-widget-container\">\n\t\t\t<link rel=\"stylesheet\" href=\"https:\/\/sparrow.up.poznan.pl\/life\/wp-content\/plugins\/elementor-pro\/assets\/css\/widget-nav-menu.min.css\">\t\t\t<nav class=\"elementor-nav-menu--main elementor-nav-menu__container elementor-nav-menu--layout-horizontal e--pointer-underline e--animation-fade\">\n\t\t\t\t<ul id=\"menu-1-5bba3044\" class=\"elementor-nav-menu\"><li class=\"menu-item menu-item-type-post_type menu-item-object-page menu-item-home menu-item-67\"><a href=\"https:\/\/sparrow.up.poznan.pl\/life\/\" class=\"elementor-item\">HOME<\/a><\/li>\n<li class=\"menu-item menu-item-type-post_type menu-item-object-page menu-item-66\"><a href=\"https:\/\/sparrow.up.poznan.pl\/life\/o-projekcie\/\" class=\"elementor-item\">O PROJEKCIE<\/a><\/li>\n<li class=\"menu-item menu-item-type-post_type menu-item-object-page menu-item-65\"><a href=\"https:\/\/sparrow.up.poznan.pl\/life\/aktualnosci\/\" class=\"elementor-item\">AKTUALNO\u015aCI<\/a><\/li>\n<li class=\"menu-item menu-item-type-post_type menu-item-object-page menu-item-64\"><a href=\"https:\/\/sparrow.up.poznan.pl\/life\/o-nas\/\" class=\"elementor-item\">O NAS<\/a><\/li>\n<li class=\"menu-item menu-item-type-post_type menu-item-object-page menu-item-441\"><a href=\"https:\/\/sparrow.up.poznan.pl\/life\/mapa\/\" class=\"elementor-item\">MAPA<\/a><\/li>\n<li class=\"menu-item menu-item-type-post_type menu-item-object-page menu-item-63\"><a href=\"https:\/\/sparrow.up.poznan.pl\/life\/do-pobrania\/\" class=\"elementor-item\">DO POBRANIA<\/a><\/li>\n<li class=\"menu-item menu-item-type-post_type menu-item-object-page menu-item-62\"><a href=\"https:\/\/sparrow.up.poznan.pl\/life\/kontakt\/\" class=\"elementor-item\">KONTAKT<\/a><\/li>\n<\/ul>\t\t\t<\/nav>\n\t\t\t\t\t<div class=\"elementor-menu-toggle\" role=\"button\" tabindex=\"0\" aria-label=\"Menu Toggle\" aria-expanded=\"false\">\n\t\t\t<svg aria-hidden=\"true\" role=\"presentation\" class=\"elementor-menu-toggle__icon--open e-font-icon-svg e-eicon-menu-bar\" viewBox=\"0 0 1000 1000\" xmlns=\"http:\/\/www.w3.org\/2000\/svg\"><path d=\"M104 333H896C929 333 958 304 958 271S929 208 896 208H104C71 208 42 237 42 271S71 333 104 333ZM104 583H896C929 583 958 554 958 521S929 458 896 458H104C71 458 42 487 42 521S71 583 104 583ZM104 833H896C929 833 958 804 958 771S929 708 896 708H104C71 708 42 737 42 771S71 833 104 833Z\"><\/path><\/svg><svg aria-hidden=\"true\" role=\"presentation\" class=\"elementor-menu-toggle__icon--close e-font-icon-svg e-eicon-close\" viewBox=\"0 0 1000 1000\" xmlns=\"http:\/\/www.w3.org\/2000\/svg\"><path d=\"M742 167L500 408 258 167C246 154 233 150 217 150 196 150 179 158 167 167 154 179 150 196 150 212 150 229 154 242 171 254L408 500 167 742C138 771 138 800 167 829 196 858 225 858 254 829L496 587 738 829C750 842 767 846 783 846 800 846 817 842 829 829 842 817 846 804 846 783 846 767 842 750 829 737L588 500 833 258C863 229 863 200 833 171 804 137 775 137 742 167Z\"><\/path><\/svg>\t\t\t<span class=\"elementor-screen-only\">Menu<\/span>\n\t\t<\/div>\n\t\t\t\t\t<nav class=\"elementor-nav-menu--dropdown elementor-nav-menu__container\" aria-hidden=\"true\">\n\t\t\t\t<ul id=\"menu-2-5bba3044\" class=\"elementor-nav-menu\"><li class=\"menu-item menu-item-type-post_type menu-item-object-page menu-item-home menu-item-67\"><a href=\"https:\/\/sparrow.up.poznan.pl\/life\/\" class=\"elementor-item\" tabindex=\"-1\">HOME<\/a><\/li>\n<li class=\"menu-item menu-item-type-post_type menu-item-object-page menu-item-66\"><a href=\"https:\/\/sparrow.up.poznan.pl\/life\/o-projekcie\/\" class=\"elementor-item\" tabindex=\"-1\">O PROJEKCIE<\/a><\/li>\n<li class=\"menu-item menu-item-type-post_type menu-item-object-page menu-item-65\"><a href=\"https:\/\/sparrow.up.poznan.pl\/life\/aktualnosci\/\" class=\"elementor-item\" tabindex=\"-1\">AKTUALNO\u015aCI<\/a><\/li>\n<li class=\"menu-item menu-item-type-post_type menu-item-object-page menu-item-64\"><a href=\"https:\/\/sparrow.up.poznan.pl\/life\/o-nas\/\" class=\"elementor-item\" tabindex=\"-1\">O NAS<\/a><\/li>\n<li class=\"menu-item menu-item-type-post_type menu-item-object-page menu-item-441\"><a href=\"https:\/\/sparrow.up.poznan.pl\/life\/mapa\/\" class=\"elementor-item\" tabindex=\"-1\">MAPA<\/a><\/li>\n<li class=\"menu-item menu-item-type-post_type menu-item-object-page menu-item-63\"><a href=\"https:\/\/sparrow.up.poznan.pl\/life\/do-pobrania\/\" class=\"elementor-item\" tabindex=\"-1\">DO POBRANIA<\/a><\/li>\n<li class=\"menu-item menu-item-type-post_type menu-item-object-page menu-item-62\"><a href=\"https:\/\/sparrow.up.poznan.pl\/life\/kontakt\/\" class=\"elementor-item\" tabindex=\"-1\">KONTAKT<\/a><\/li>\n<\/ul>\t\t\t<\/nav>\n\t\t\t\t<\/div>\n\t\t\t\t<\/div>\n\t\t\t\t<\/div>\n\t\t<div class=\"elementor-element elementor-element-23df683b e-con-full e-flex e-con e-child\" data-id=\"23df683b\" data-element_type=\"container\" data-settings=\"{&quot;content_width&quot;:&quot;full&quot;}\">\n\t\t\t\t<div class=\"elementor-element elementor-element-395effbe elementor-widget elementor-widget-image\" data-id=\"395effbe\" data-element_type=\"widget\" data-widget_type=\"image.default\">\n\t\t\t\t<div class=\"elementor-widget-container\">\n\t\t\t\t\t\t\t\t\t\t\t\t\t\t<a href=\"https:\/\/sparrow.up.poznan.pl\/life\/en\/\">\n\t\t\t\t\t\t\t<img loading=\"lazy\" decoding=\"async\" width=\"240\" height=\"160\" src=\"https:\/\/sparrow.up.poznan.pl\/life\/wp-content\/uploads\/2024\/03\/Flag_of_the_United_Kingdom_1-2.svg_.png\" class=\"attachment-large size-large wp-image-181\" alt=\"\" \/>\t\t\t\t\t\t\t\t<\/a>\n\t\t\t\t\t\t\t\t\t\t\t\t\t<\/div>\n\t\t\t\t<\/div>\n\t\t\t\t<\/div>\n\t\t<div class=\"elementor-element elementor-element-2c5404ce e-con-full e-flex e-con e-child\" data-id=\"2c5404ce\" data-element_type=\"container\" data-settings=\"{&quot;content_width&quot;:&quot;full&quot;}\">\n\t\t\t\t<div class=\"elementor-element elementor-element-760b3131 elementor-widget elementor-widget-image\" data-id=\"760b3131\" data-element_type=\"widget\" data-widget_type=\"image.default\">\n\t\t\t\t<div class=\"elementor-widget-container\">\n\t\t\t\t\t\t\t\t\t\t\t\t\t\t<a href=\"https:\/\/sparrow.up.poznan.pl\/life\/ee\/\">\n\t\t\t\t\t\t\t<img loading=\"lazy\" decoding=\"async\" width=\"240\" height=\"160\" src=\"https:\/\/sparrow.up.poznan.pl\/life\/wp-content\/uploads\/2024\/03\/Flag_of_Estonia.svg_.png\" class=\"attachment-large size-large wp-image-182\" alt=\"\" \/>\t\t\t\t\t\t\t\t<\/a>\n\t\t\t\t\t\t\t\t\t\t\t\t\t<\/div>\n\t\t\t\t<\/div>\n\t\t\t\t<\/div>\n\t\t<div class=\"elementor-element elementor-element-28d58cdd e-con-full e-flex e-con e-child\" data-id=\"28d58cdd\" data-element_type=\"container\" data-settings=\"{&quot;content_width&quot;:&quot;full&quot;}\">\n\t\t\t\t<div class=\"elementor-element elementor-element-30e79ef3 elementor-widget elementor-widget-image\" data-id=\"30e79ef3\" data-element_type=\"widget\" data-widget_type=\"image.default\">\n\t\t\t\t<div class=\"elementor-widget-container\">\n\t\t\t\t\t\t\t\t\t\t\t\t\t\t<a href=\"https:\/\/sparrow.up.poznan.pl\/life\/bg\/\">\n\t\t\t\t\t\t\t<img loading=\"lazy\" decoding=\"async\" width=\"240\" height=\"160\" src=\"https:\/\/sparrow.up.poznan.pl\/life\/wp-content\/uploads\/2024\/03\/Flag_of_Bulgaria.svg_.png\" class=\"attachment-large size-large wp-image-183\" alt=\"\" \/>\t\t\t\t\t\t\t\t<\/a>\n\t\t\t\t\t\t\t\t\t\t\t\t\t<\/div>\n\t\t\t\t<\/div>\n\t\t\t\t<\/div>\n\t\t<div class=\"elementor-element elementor-element-65c4f6aa e-con-full e-flex e-con e-child\" data-id=\"65c4f6aa\" data-element_type=\"container\" data-settings=\"{&quot;content_width&quot;:&quot;full&quot;}\">\n\t\t\t\t<div class=\"elementor-element elementor-element-1cc85d9 elementor-widget elementor-widget-image\" data-id=\"1cc85d9\" data-element_type=\"widget\" data-widget_type=\"image.default\">\n\t\t\t\t<div class=\"elementor-widget-container\">\n\t\t\t\t\t\t\t\t\t\t\t\t\t\t<a href=\"https:\/\/sparrow.up.poznan.pl\/life\/tr\/\">\n\t\t\t\t\t\t\t<img loading=\"lazy\" decoding=\"async\" width=\"240\" height=\"160\" src=\"https:\/\/sparrow.up.poznan.pl\/life\/wp-content\/uploads\/2024\/03\/Flag_of_Turkey.svg_.png\" class=\"attachment-large size-large wp-image-168\" alt=\"\" \/>\t\t\t\t\t\t\t\t<\/a>\n\t\t\t\t\t\t\t\t\t\t\t\t\t<\/div>\n\t\t\t\t<\/div>\n\t\t\t\t<\/div>\n\t\t\t\t\t<\/div>\n\t\t\t\t<\/div>\n\t\t<div class=\"elementor-element elementor-element-7d8a907c e-flex e-con-boxed e-con e-parent\" data-id=\"7d8a907c\" data-element_type=\"container\" data-settings=\"{&quot;content_width&quot;:&quot;boxed&quot;}\" data-core-v316-plus=\"true\">\n\t\t\t\t\t<div class=\"e-con-inner\">\n\t\t\t\t<div class=\"elementor-element elementor-element-63b662cd animated-slow elementor-invisible elementor-widget elementor-widget-image\" data-id=\"63b662cd\" data-element_type=\"widget\" data-settings=\"{&quot;_animation&quot;:&quot;fadeIn&quot;,&quot;_animation_delay&quot;:300}\" data-widget_type=\"image.default\">\n\t\t\t\t<div class=\"elementor-widget-container\">\n\t\t\t\t\t\t\t\t\t\t\t\t\t<img loading=\"lazy\" decoding=\"async\" width=\"2000\" height=\"800\" src=\"https:\/\/sparrow.up.poznan.pl\/life\/wp-content\/uploads\/2024\/03\/biebrza_3.jpg\" class=\"attachment-2048x2048 size-2048x2048 wp-image-318\" alt=\"\" srcset=\"https:\/\/sparrow.up.poznan.pl\/life\/wp-content\/uploads\/2024\/03\/biebrza_3.jpg 2000w, https:\/\/sparrow.up.poznan.pl\/life\/wp-content\/uploads\/2024\/03\/biebrza_3-300x120.jpg 300w, https:\/\/sparrow.up.poznan.pl\/life\/wp-content\/uploads\/2024\/03\/biebrza_3-1024x410.jpg 1024w, https:\/\/sparrow.up.poznan.pl\/life\/wp-content\/uploads\/2024\/03\/biebrza_3-768x307.jpg 768w, https:\/\/sparrow.up.poznan.pl\/life\/wp-content\/uploads\/2024\/03\/biebrza_3-1536x614.jpg 1536w\" sizes=\"(max-width: 2000px) 100vw, 2000px\" \/>\t\t\t\t\t\t\t\t\t\t\t\t\t<\/div>\n\t\t\t\t<\/div>\n\t\t\t\t\t<\/div>\n\t\t\t\t<\/div>\n\t\t<div class=\"elementor-element elementor-element-504e21ec animated-slow e-flex e-con-boxed elementor-invisible e-con e-parent\" data-id=\"504e21ec\" data-element_type=\"container\" data-settings=\"{&quot;animation&quot;:&quot;fadeIn&quot;,&quot;animation_delay&quot;:400,&quot;content_width&quot;:&quot;boxed&quot;}\" data-core-v316-plus=\"true\">\n\t\t\t\t\t<div class=\"e-con-inner\">\n\t\t\t\t<div class=\"elementor-element elementor-element-7983af82 elementor-widget elementor-widget-heading\" data-id=\"7983af82\" data-element_type=\"widget\" data-widget_type=\"heading.default\">\n\t\t\t\t<div class=\"elementor-widget-container\">\n\t\t\t<style>\/*! elementor - v3.19.0 - 28-02-2024 *\/\n.elementor-heading-title{padding:0;margin:0;line-height:1}.elementor-widget-heading .elementor-heading-title[class*=elementor-size-]>a{color:inherit;font-size:inherit;line-height:inherit}.elementor-widget-heading .elementor-heading-title.elementor-size-small{font-size:15px}.elementor-widget-heading .elementor-heading-title.elementor-size-medium{font-size:19px}.elementor-widget-heading .elementor-heading-title.elementor-size-large{font-size:29px}.elementor-widget-heading .elementor-heading-title.elementor-size-xl{font-size:39px}.elementor-widget-heading .elementor-heading-title.elementor-size-xxl{font-size:59px}<\/style><h1 class=\"elementor-heading-title elementor-size-default\">O projekcie<\/h1>\t\t<\/div>\n\t\t\t\t<\/div>\n\t\t\t\t<div class=\"elementor-element elementor-element-4be2db1 elementor-widget elementor-widget-text-editor\" data-id=\"4be2db1\" data-element_type=\"widget\" data-widget_type=\"text-editor.default\">\n\t\t\t\t<div class=\"elementor-widget-container\">\n\t\t\t<style>\/*! elementor - v3.19.0 - 28-02-2024 *\/\n.elementor-widget-text-editor.elementor-drop-cap-view-stacked .elementor-drop-cap{background-color:#69727d;color:#fff}.elementor-widget-text-editor.elementor-drop-cap-view-framed .elementor-drop-cap{color:#69727d;border:3px solid;background-color:transparent}.elementor-widget-text-editor:not(.elementor-drop-cap-view-default) .elementor-drop-cap{margin-top:8px}.elementor-widget-text-editor:not(.elementor-drop-cap-view-default) .elementor-drop-cap-letter{width:1em;height:1em}.elementor-widget-text-editor .elementor-drop-cap{float:left;text-align:center;line-height:1;font-size:50px}.elementor-widget-text-editor .elementor-drop-cap-letter{display:inline-block}<\/style>\t\t\t\t<p><strong>Orlik grubodzioby Clanga clanga jest sklasyfikowany jako krytycznie zagro\u017cony w 27 krajach UE i znajduje si\u0119 na li\u015bcie gatunk\u00f3w ptak\u00f3w UE zidentyfikowanych jako &#8222;priorytetowe dla finansowania LIFE&#8221;.<\/strong><\/p><p>Przyczyn\u0105 zmniejszana liczebno\u015bci tego gatunku s\u0105:<\/p><ul><li>zanik ostatnich du\u017cych bagien na obrze\u017cach UE, niezb\u0119dnych do rozmna\u017cania<\/li><li>straty populacji na terenach migracyjnych i zimowiskach.<\/li><\/ul><p><br \/>Celem projektu GSELIFEAboveBorders jest trwa\u0142a poprawa warunk\u00f3w w miejscach l\u0119gowych i zwi\u0119kszenie liczebno\u015bci orlika grubodziobego w UE, a tak\u017ce zmniejszenie zagro\u017ce\u0144 i zabezpieczenie kluczowych miejsc odpoczynku i zimowania orlika wzd\u0142u\u017c jego szlaku w\u0119dr\u00f3wkowego.<\/p><p>W ramach projektu podj\u0119te b\u0119d\u0105 dzia\u0142ania maj\u0105ce na celu:<\/p><ul><li>zwi\u0119kszenie liczby m\u0142odych orlik\u00f3w (ratowanie piskl\u0105t linii Abel i zmniejszenie wp\u0142ywu drapie\u017cnictwa na prze\u017cycie piskl\u0105t),<\/li><li>ochron\u0119 las\u00f3w l\u0119gowych odpowiednich dla orlik\u00f3w i obszar\u00f3w polowa\u0144 ptak\u00f3w,<\/li><li>indywidualn\u0105 ochron\u0119 ptak\u00f3w \u015bledzonych za pomoc\u0105 GSM,<\/li><li>zwalczanie nielegalnego odstrza\u0142u i trucia ptak\u00f3w,<\/li><li>tworzenie bezpiecznych stacji dokarmiania na zimowiskach w celu poprawy kondycji ptak\u00f3w,<\/li><li>promocj\u0119 i rozpowszechnianie wiedzy o gatunku oraz dobrych praktykach wspieraj\u0105cych ich ochron\u0119.<\/li><\/ul>\t\t\t\t\t\t<\/div>\n\t\t\t\t<\/div>\n\t\t\t\t\t<\/div>\n\t\t\t\t<\/div>\n\t\t<div class=\"elementor-element elementor-element-44c36170 e-con-full e-flex e-con e-parent\" data-id=\"44c36170\" data-element_type=\"container\" data-settings=\"{&quot;content_width&quot;:&quot;full&quot;}\" data-core-v316-plus=\"true\">\n\t\t<div class=\"elementor-element elementor-element-6303a161 e-flex e-con-boxed e-con e-child\" data-id=\"6303a161\" data-element_type=\"container\" data-settings=\"{&quot;background_background&quot;:&quot;classic&quot;,&quot;content_width&quot;:&quot;boxed&quot;}\">\n\t\t\t\t\t<div class=\"e-con-inner\">\n\t\t\t\t<div class=\"elementor-element elementor-element-5a8d0530 elementor-widget elementor-widget-image\" data-id=\"5a8d0530\" data-element_type=\"widget\" data-widget_type=\"image.default\">\n\t\t\t\t<div class=\"elementor-widget-container\">\n\t\t\t\t\t\t\t\t\t\t\t\t\t\t<a href=\"http:\/\/sparrow.up.poznan.pl\/life\/home\/\">\n\t\t\t\t\t\t\t<img fetchpriority=\"high\" decoding=\"async\" width=\"800\" height=\"800\" src=\"https:\/\/sparrow.up.poznan.pl\/life\/wp-content\/uploads\/2024\/02\/gse_life_orlik-1024x1024.png\" class=\"attachment-large size-large wp-image-48\" alt=\"\" srcset=\"https:\/\/sparrow.up.poznan.pl\/life\/wp-content\/uploads\/2024\/02\/gse_life_orlik-1024x1024.png 1024w, https:\/\/sparrow.up.poznan.pl\/life\/wp-content\/uploads\/2024\/02\/gse_life_orlik-300x300.png 300w, https:\/\/sparrow.up.poznan.pl\/life\/wp-content\/uploads\/2024\/02\/gse_life_orlik-150x150.png 150w, https:\/\/sparrow.up.poznan.pl\/life\/wp-content\/uploads\/2024\/02\/gse_life_orlik-768x768.png 768w, https:\/\/sparrow.up.poznan.pl\/life\/wp-content\/uploads\/2024\/02\/gse_life_orlik-1536x1536.png 1536w, https:\/\/sparrow.up.poznan.pl\/life\/wp-content\/uploads\/2024\/02\/gse_life_orlik-2048x2048.png 2048w\" sizes=\"(max-width: 800px) 100vw, 800px\" \/>\t\t\t\t\t\t\t\t<\/a>\n\t\t\t\t\t\t\t\t\t\t\t\t\t<\/div>\n\t\t\t\t<\/div>\n\t\t\t\t\t<\/div>\n\t\t\t\t<\/div>\n\t\t\t\t<\/div>\n\t\t\t\t<\/div>\n\t\t","protected":false},"excerpt":{"rendered":"<p>O projekcie Orlik grubodzioby Clanga clanga jest sklasyfikowany jako krytycznie zagro\u017cony w 27 krajach UE i znajduje si\u0119 na li\u015bcie gatunk\u00f3w ptak\u00f3w UE zidentyfikowanych jako &#8222;priorytetowe dla finansowania LIFE&#8221;. Przyczyn\u0105 zmniejszana liczebno\u015bci tego gatunku s\u0105: zanik ostatnich du\u017cych bagien na obrze\u017cach UE, niezb\u0119dnych do rozmna\u017cania straty populacji na terenach migracyjnych i zimowiskach. Celem projektu GSELIFEAboveBorders [&hellip;]<\/p>\n","protected":false},"author":2,"featured_media":0,"parent":0,"menu_order":0,"comment_status":"closed","ping_status":"closed","template":"elementor_canvas","meta":{"footnotes":""},"aioseo_notices":[],"_links":{"self":[{"href":"https:\/\/sparrow.up.poznan.pl\/life\/wp-json\/wp\/v2\/pages\/36"}],"collection":[{"href":"https:\/\/sparrow.up.poznan.pl\/life\/wp-json\/wp\/v2\/pages"}],"about":[{"href":"https:\/\/sparrow.up.poznan.pl\/life\/wp-json\/wp\/v2\/types\/page"}],"author":[{"embeddable":true,"href":"https:\/\/sparrow.up.poznan.pl\/life\/wp-json\/wp\/v2\/users\/2"}],"replies":[{"embeddable":true,"href":"https:\/\/sparrow.up.poznan.pl\/life\/wp-json\/wp\/v2\/comments?post=36"}],"version-history":[{"count":28,"href":"https:\/\/sparrow.up.poznan.pl\/life\/wp-json\/wp\/v2\/pages\/36\/revisions"}],"predecessor-version":[{"id":768,"href":"https:\/\/sparrow.up.poznan.pl\/life\/wp-json\/wp\/v2\/pages\/36\/revisions\/768"}],"wp:attachment":[{"href":"https:\/\/sparrow.up.poznan.pl\/life\/wp-json\/wp\/v2\/media?parent=36"}],"curies":[{"name":"wp","href":"https:\/\/api.w.org\/{rel}","templated":true}]}}